 - 41 = -5, 0 = -z - u + 8. Let t(p) = p**2 - 12*p + 14. What is the tens digit of t(z)?
2
Let x be (4/(-6))/((-4)/48) - 3. Suppose x*z = -2*n + 3026, -z + n - 1815 = -4*z. Let d = -403 + z. What is the tens digit of d?
0
Suppose 0 = -22*q + 15283 + 18377. Suppose q = 6*k - 1770. What is the hundreds digit of k?
5
Suppose -19*g + 110 = 3*g. Suppose 1068 = g*c + 103. What is the hundreds digit of c?
1
Suppose 3248 = 3*i + 4*w, -4*i - 2*w = -671 - 3653. Suppose 4*h - 33 + 6 = -c, 4*c - 2*h = 18. Suppose -b - i = -c*b. What is the units digit of b?
0
Suppose -k + 12225 = 3*q - 5*q + 5*q, 0 = -2*q. What is the ten thousands digit of k?
1
Let p(s) = -s**3 - 3*s**2 + s + 7. Let o be p(0). Suppose -35 = -3*v + o. Suppose -15*j + v*j = -61. What is the tens digit of j?
6
Suppose 42*k + 29*k - 46*k = 57425. What is the tens digit of k?
9
Let q = 19 - 18. Let t be (23 - 173)/(q/(-2) + -1). What is the hundreds digit of t - 7/((-21)/9)?
1
Suppose z - 6 - 18 = -2*l, 2*z - 69 = 3*l. What is the hundreds digit of (6/z)/((-2)/(-4010))?
4
Let c = 4004 + 2740. Suppose 3134 = 22*n - c. What is the tens digit of n?
4
Let m(g) = -30*g - 9. Let k be m(-5). Suppose -k = -y - 9. What is the units digit of y/2 + (3 - 3)?
6
Let r be ((-2961)/42)/(2 - (-6)/(-4)). What is the hundreds digit of (5 + r)/((-4)/16)?
5
Let j = -638 - -647. What is the units digit of (-3996)/24*(-12)/j?
2
Suppose -6*g = -3*g - 354. Suppose 2*t + 0*t + 4*w = g, 2*t - 116 = -5*w. Suppose t = l - 16. What is the tens digit of l?
7
What is the ten thousands digit of ((-12622)/(-5) + 3)/((-55)/(-275))?
1
Suppose -2*t = f + 11, -30 = 4*t - 4*f + 22. Let b(z) = z**3 + 7*z**2 + 67. What is the units digit of b(t)?
3
Let j(f) = -175*f + 5. Let s be (20 + -19)/(1/(-5)). What is the units digit of j(s)?
0
Let n = 6334 - -2178. What is the units digit of n?
2
Suppose -91*h + 1412096 = -8*h + 29*h. What is the hundreds digit of h?
6
Let l(k) = k + 0 - 13 + k**2 - 3*k + 0*k. Let a be l(5). Let s(v) = 34*v**2 - 2*v - 2. What is the hundreds digit of s(a)?
1
Suppose 0 = -5*y + 10, -2406 - 464 = -5*u + 5*y. Let h = 19 + u. What is the tens digit of h?
9
Suppose 0 = -15*m + 50 + 25. Suppose m*y + 2*d + 1323 = 0, -4*y - 283 = -3*y + 5*d. Let b = y + 400. What is the units digit of b?
7
Let q = 140 + -116. Let g be ((-54)/(-12) + -4)/(1/q). What is the hundreds digit of (4/(-3))/(g/(-2232))?
2
Suppose 3*k - 5*v - 44 = -17, 0 = -5*v. Let y = 825 - 84. Suppose 4*c - k*c - 5 = 0, -c = -4*x + y. What is the hundreds digit of x?
1
Suppose -2*h = 2*j - 19684, 5*h + 21*j - 17*j = 49204. What is the thousands digit of h?
9
Let c = 19973 - 20374. Suppose 570 = -4*m + m. Let n = m - c. What is the hundreds digit of n?
2
Let m(w) = w**3 + 11*w**2 + 18*w - 6. Let p be m(-8). Let t = -49 + p. What is the tens digit of -1 - t/(-3)*(5 - 29)?
5
What is the hundreds digit of 7305 + (27 - (3 - -11))?
3
Let c(o) = o**3 + 11*o**2 - 27*o + 7. Let h be c(-13). Let z = h - 12. Suppose z*j - 481 + 81 = 0. What is the units digit of j?
0
Suppose -5*o + 5*s = -35, -66*o - 4*s = -65*o + 3. Let i be ((-9)/6)/((-1)/278). Suppose 0 = o*y - 2*j - i, -j = -3*y - 4*j + 246. What is the tens digit of y?
8
Let x(t) = -t**3 + 10*t**2 - 8*t - 22. Let a be x(9). Let v(q) = -57*q + 18. What is the hundreds digit of v(a)?
7
Let l(q) = 0 + 3 + q**2 - 16*q - 31. What is the tens digit of l(-11)?
6
Suppose 17 + 14 = k. Let y = -26 + k. Suppose 113 = 3*w + 4*v, y*v + 33 = w - 11. What is the units digit of w?
9
Let f(x) = 2*x + 1. Let q(s) = s + 109. Let u(r) = 4*f(r) + q(r). What is the units digit of u(-12)?
5
Let y = -9244 + 35783. What is the thousands digit of y?
6
Let u(p) = -p**2 - 65*p + 51. What is the thousands digit of u(-34)?
1
Suppose -5*y + 21 = -9. Let c(w) = 6*w**2 - w**3 + 5*w - 8*w**2 + 5 + y*w**2. What is the units digit of c(-2)?
9
Suppose 0 = 45*d + 15*d - 297180. What is the thousands digit of d?
4
Let o be (-820)/(-12) - 1 - (-3)/(-9). Suppose -o*r + 65*r = -128. Suppose -213 = -d - r. What is the tens digit of d?
4
Let j(s) = s**2 - 12*s + 10. Let z be j(15). Let d = z - 54. What is the tens digit of (-3 + (6 - -203))/(d*2)?
0
Let l = 6 + -44. Let y = l - -42. Let p = 13 - y. What is the units digit of p?
9
Let u(q) = q**3 + 82*q**2 - 103*q - 244. What is the tens digit of u(-83)?
1
Let s(g) = 3*g**2 - 9*g + 15. Suppose p + 37 = 5*t, -2*p - 3*p = -2*t + 24. Let k(b) = 2*b - 7. Let d be k(t). What is the units digit of s(d)?
9
Suppose 2*u = 8594 - 986. Suppose u = 26*a - 1370. What is the tens digit of a?
9
Suppose 177*g - 355 = 176*g. Suppose g*r - 362*r + 2107 = 0. What is the hundreds digit of r?
3
Let t(p) = 21*p + 285. Let n(u) = 29*u + 426. Let h(y) = 5*n(y) - 7*t(y). Suppose 0 = k - 0*k + 2*q - 6, -9 = 5*k - 3*q. What is the tens digit of h(k)?
3
Suppose b - 5*b = 3*f - 3, 0 = 3*f + 5*b. Suppose 3*t - f = 4, -4*g + 2225 = 3*t. What is the units digit of g?
4
Let v(l) = -69*l + 26*l - 14 - 51*l. What is the units digit of v(-8)?
8
Suppose -2*k + 5*v + 846 = -1825, 0 = -4*k + 2*v + 5366. Suppose -4*i + 6*i - 4*c - 900 = 0, -3*i = c - k. What is the hundreds digit of i?
4
Let g be (15/10 + -5 + 5)*-254. Let f = 823 + g. What is the hundreds digit of f?
4
Let l(x) = -24*x**3 + 9*x**2 + 33*x + 62. What is the hundreds digit of l(-6)?
3
Suppose 118*s = 121*s - 48. Suppose s*m - 2552 = 2600. What is the hundreds digit of m?
3
Suppose -10*s + 23*s - 39 = 0. Suppose -s*o + 5171 = w, -w = 2*o - 3500 + 54. What is the thousands digit of o?
1
Let a = -38289 - -41995. What is the tens digit of a?
0
Let k(z) = -2*z**3 - 27*z**2 + 62*z + 548. What is the ten thousands digit of k(-26)?
1
Let g = -23399 + 41556. What is the ten thousands digit of g?
1
Let g(y) = -128*y - 949. What is the thousands digit of g(-26)?
2
Let x(b) = 24*b**2 - 7*b - 16. Suppose 2*y = g - 10, -g + 26 = -5*y + 2*g. What is the units digit of x(y)?
6
Suppose 0*s + 8*s - 2*s = 0. Suppose -8*u = k - 3*u + 15, s = 4*k + 5*u. Suppose 0*z + k*z = 90. What is the units digit of z?
8
Suppose 4*h + 8*h = -4*h + 158608. What is the tens digit of h?
1
Suppose t - 215 = -g, 219 + 426 = 3*t - 2*g. Suppose t + 5763 = 14*q. What is the units digit of q?
7
Let i = -700 + 705. What is the hundreds digit of (i - 11/2)/((-4)/11152)?
3
Let v be (-10)/15*(2 + -14). Suppose 3*y + 1495 = v*y. What is the hundreds digit of y?
2
Let z be (0 - 9)/3*33/(-9). Let t(h) = -524*h + 19. Let m be t(z). What is the units digit of (-3 - m/27) + (-10)/(-45)?
0
Suppose 0 = 2*f - 3*a - 1804, 0*f + 2706 = 3*f + 8*a. What is the units digit of f?
2
Let a(n) = 5*n - 14. Suppose 3 = p - 7. What is the units digit of a(p)?
6
Let h = -19472 - -27489. What is the units digit of h?
7
Suppose 0 = 70*d - 261*d - 124*d + 4122090. What is the units digit of d?
6
Let y(f) = -8*f + 4. Let n(s) = s**2 + 2*s - 6. Let o be n(-4). Let m be y(o). Let l = m - -89. What is the tens digit of l?
7
What is the hundreds digit of ((-2293032)/12)/(-7) - 11?
2
Suppose 24146 = 2*c - 4*l, -734*c = -733*c - l - 12073. What is the tens digit of c?
7
Suppose -34*x - x + 132615 = 0. Suppose -167 = -4*b + x. What is the hundreds digit of b?
9
Let d = 8 + -7. Suppose -j + 3*j - m = -d, 0 = 2*j - 2*m + 6. Suppose -t = 3*c - 0*t - 44, 29 = j*c + t. What is the tens digit of c?
1
What is the thousands digit of 0/((-60)/10) - (6 + (-24782 - 6))?
4
Let k be 2/(-10)*(-75)/15 + 2. What is the units digit of ((-2868)/28)/(k/(-21))?
7
Let c be (9 - 6)*-41*(-68)/3. What is the units digit of c/34 + (-5 - (-2 + 1))?
8
What is the hundreds digit of (-969164)/(-48) - 26/(-312)?
1
Suppose 3*d - 5*n = 5*d - 1792, 2*n - 2688 = -3*d. Let s = -406 + d. What is the units digit of s?
0
What is the ten thousands digit of -12 + 10 + (4/(-10))/(34/(-1821720))?
2
What is the thousands digit of 2 - (25/10)/(6/((-125784)/6))?
8
Let b = -62398 + 98936. What is the tens digit of b?
3
Suppose 43*t - 84*t + 132120 = -33*t. What is the units digit of t?
5
Suppose 32*c - 353696 = 68640. What is the hundreds digit of c?
1
What is the tens digit of (-18)/(-102) - (-1894864)/136?
3
Suppose -i = -2*a + 35, -51*a - i + 70 = -46*a. Suppose q = 2*x + 1337, -a = x - 20. What is the hundreds digit of q?
3
Suppose -2*s + 35 = -4*t + 5, 0 = 2*s - 2*t - 20. Suppose -s*l - 534 = 